 2. What is o(v)?
5
Suppose 13*g = 11*g - 94. Let y = 59 + g. Let u(i) = y*i**3 - 2*i + 4 + 0*i**2 + i**2 - 6*i**3 - 3. Determine u(1).
6
Suppose 37 = -1744*z + 1718*z + 11. Let r(i) = 62*i - 3. Give r(z).
-65
Let y(n) = 2*n - 6. Let a be ((-3)/(-6) + -1)*-34. Suppose 0 = -5*l + 3*m + 27, 6*m - m = -2*l + a. Let d be y(l). Let i(b) = -b + 6. What is i(d)?
0
Let m(f) = 4*f**2 - 26*f + 14. Let h be m(6). Suppose -26*z = h*z + 56. Let c(d) = -3*d**2 + 3*d + 3. Determine c(z).
-15
Let y = 114 - 112. Suppose -6 = -2*p + y*h - 2, 18 = 9*p + 5*h. Let f(z) = -z**3 + 5*z**2 - 3*z. Give f(p).
6
Let x(p) = p - 2. Let q(c) = -7*c - 1 + 4 + 0*c - c**2. Let w(y) = -y**2 - 8*y - 7. Let h be w(-8). Let v be q(h). Give x(v).
1
Let o(h) = 2*h. Suppose -5*a = 5*s - 220, 131 = -2*a + 5*a + 4*s. Let k = a - 52. What is o(k)?
-14
Let u = -59 + 52. Let s(d) be the second derivative of -d**4/6 - 5*d**3/2 - 1111*d. Give s(u).
7
Let n(r) = -r**3 - r**2 - r + 16. Let x be 2/6*-2*-3. Suppose x*w - 2 = w. Suppose 3*g = 5*p + 4*g + 1, -3*p - w*g = 2. Calculate n(p).
16
Let f(h) = 4*h**3 - 6*h**2 + h - 2. Let g(b) = b**3 - b**2 - 1. Let s(r) = f(r) - 3*g(r). Let c(k) = 8*k**2 - 1252*k - 1893. Let n be c(158). What is s(n)?
4
Let m(w) = 7*w**3 - 16*w**2 - 109*w + 29. Let z(d) = -6*d**3 + 15*d**2 + 91*d - 28. Let k(q) = 5*m(q) + 6*z(q). Determine k(10).
-13
Let j(t) = -t**2 + 4. Let v(y) = 37*y**3 - 14*y + 45*y**2 - 36*y**3 + 29 - 42*y**2. Let h be v(-6). Calculate j(h).
-21
Let l(o) = -o**2 - 3*o + 2. Let k(r) = r**2 + 2*r - 15. Let g be k(-7). Let p be g/(-8)*11/(33/6). Determine l(p).
-8
Suppose 3*d = -d - 20. Let f(k) be the third derivative of -k**5/60 - 5*k**4/24 - 14*k**3 - 65*k**2. Let b(n) be the first derivative of f(n). What is b(d)?
5
Let v = -4814 - -4806. Let c(k) = k**2 + 10*k - 11. What is c(v)?
-27
Let p(g) = 5*g**2 + 12*g - 5. Let t(d) = 6*d**2 + 15*d - 6. Let f(l) = 8*p(l) - 6*t(l). Determine f(2).
24
Suppose t - 7 = 3. Suppose -7 + 37 = t*o. Let n(b) = -b + 2. What is n(o)?
-1
Let k(b) = -10*b + 16. Let q be (-35)/(-105)*(-5)/10*-12. What is k(q)?
-4
Let h(o) = o**2 - 6*o + 19. Let u = -22857 + 22860. Determine h(u).
10
Suppose h + 24 = -3*h. Let k be ((72/30)/(-1))/((-4)/10). Let c(b) = -10*b - 12 + k + 5*b + 9*b + b**2. What is c(h)?
6
Let j(a) = 10*a + 522. Let v be j(-52). Let o(q) = q**3 - 6*q**2 + 2*q + 4. Calculate o(v).
-8
Let b(p) = p**3 + 5*p**2 + 3*p + 2. Let r be (3 + -2)*1*4. Suppose -q - 5*s + 15 + 8 = 0, 5*q - 11 = s. Let w be (6/q)/((-2)/r). Give b(w).
6
Let n(s) = -2*s**2 - 16*s + 29. Let d be 264/4884 + 21*(-23)/37. Determine n(d).
-101
Let x = -32424 - -32429. Let c(z) = -z**2 - 4*z + 10. Calculate c(x).
-35
Suppose 0 = -16*j + 31 + 17. Suppose -j*h + 22 = -y, 0 = -3*y + 4*y + 4. Let f(m) = m**2 - 6*m + 3. Give f(h).
3
Let n(p) = -3*p + 55. Let u be n(19). Let v be (-11 - (-1 + -1 + -1)) + u. Let f(w) = w**3 + 9*w**2 - 9*w + 9. Determine f(v).
-1
Suppose 0 = -222*j + 3397 - 10501. Let y(z) = z**3 + 31*z**2 - 29*z + 101. Give y(j).
5
Suppose -284 + 63 = -13*l. Let t(h) = -h**3 + 17*h**2 + 2*h - 27. Calculate t(l).
7
Let g(h) = -h**3 + 10*h**2 + 208*h - 128. Let u be g(20). Let i(w) = -8*w + 262. Determine i(u).
6
Let p(a) = 5*a - 4. Let n(t) = -7*t + 6. Let h(b) = 5*n(b) + 8*p(b). Let q(k) = 4*k - 1. Let l(y) = -5*h(y) + 6*q(y). What is l(5)?
-1
Let k(z) be the second derivative of z**5/20 - 11*z**4/12 - z**3/6 + 2*z**2 - 176*z. What is k(11)?
-7
Suppose 26*t + 51*t = 1 - 1. Let d(x) = -x**2 - 3*x + 41. What is d(t)?
41
Let d(s) be the second derivative of -11*s**3/3 + 44*s**2 - 50*s. Let j be d(4). Let c(i) = -i - 14. Determine c(j).
-14
Let v = 25 + -34. Let z = v + 13. Let n(k) = -9*k**3 + 5*k**2 - k**2 - 1 + 3*k**3 + 5*k**3 - z*k. Determine n(4).
-17
Let l be (-258)/21 + -4 - ((-396)/(-84) - 5). Let a(y) = -y + 21. Calculate a(l).
37
Suppose -y + 10 = -2*m, -20*y + 18*y - 2*m + 14 = 0. Let z(i) = i**2 - 13*i + 42. Determine z(y).
2
Let i(w) = -w**3 + 3*w**2 + 3*w - 1. Let z be 117/((4 + -1 + -4)/(-1)). Let f = 268 - 383. Let x = z + f. Give i(x).
9
Let f(y) be the first derivative of 0*y - 15 - 1/6*y**3 - 15/2*y**2 + 1/24*y**4. Let z(b) be the second derivative of f(b). Calculate z(3).
2
Let t = -147 - -155. Let i(h) = 23 - 10 - 2*h - 14. Give i(t).
-17
Let r(z) = 2*z**2 - 14*z + 5. Let o = 1231 - 1221. Determine r(o).
65
Suppose p + 0*o = 5*o + 23, -4*p + 3*o = -58. Let u = 1053 + -1041. Suppose -p*h + h - u = 0. Let g(k) = 13*k**3 + k + 1. What is g(h)?
-13
Let w(f) = -f**3 + f**2 - 1. Let o be w(2). Suppose 6*n - 29 + 11 = 0. Let v(b) = 12*b + 0*b**3 - b**n + 1 + b - 4*b**2 - 8*b. Calculate v(o).
1
Let c(h) = -4*h**2 - 27*h + 49. Let w(g) = g**2 + g - 1. Let a(b) = c(b) + 5*w(b). Let o be (24/80 - 674/(-20)) + -14. Determine a(o).
4
Let m(u) be the first derivative of u**4/4 + u**3 - 7*u**2/2 + 2*u - 2301. Calculate m(2).
8
Let y(o) = -8*o + 4. Suppose 3*j = -2*j - 45. Let d(q) = 3*q - 16. Let t(z) = 20*z - 100. Let p(s) = 39*d(s) - 6*t(s). Let h be p(j). Give y(h).
-20
Let l(c) = -5*c**2 - 11*c + 4. Suppose 0 = 10*g - 14*g - 4. Let z(j) = -j**2 - 2*j + 1. Let i(s) = g*l(s) + 4*z(s). Calculate i(-4).
4
Suppose i = -3*i - 5*i. Suppose -11*v + i*v = -66. Let w(g) = -5*g**3 - 7*g**2 + 2 + 10*g**3 - 6*g - v*g**3. Calculate w(-5).
-18
Let l(s) = -2*s + 1. Let o(j) = j**3 - 12*j**2 + 13*j - 25. Let h = -162 - -173. Let v be o(h). What is l(v)?
7
Let f(j) = 73*j + 224. Let q be f(-3). Let a(b) = 6*b + 5*b**2 - 5*b**2 - 3*b**2 + b**2. Calculate a(q).
-20
Let u = 134 + -79. Let s be ((-21)/6 - -3)*0. Let z(t) = t + s*t + u - t**3 + 2*t**3 - 61. Determine z(0).
-6
Let p be ((-2)/4)/(4/40). Let h(n) be the third derivative of -n**5/60 + 7*n**3/6 - 3*n**2 + 42*n + 18. What is h(p)?
-18
Let k be (-376)/(-36) - (-8)/(-18). Suppose -k*o - 96 = 2*o. Let q(v) = -v**3 - 9*v**2 - 10*v - 10. What is q(o)?
6
Let c(k) = 4*k + 2*k - 105 + 5*k - 21 - 88. Let y be c(20). Let h(g) = -g**2 + 8*g - 3. What is h(y)?
9
Suppose 0*l + 2*l + 4505 - 4477 = 0. Let u(b) = b**3 + 15*b**2 + 15*b + 25. Give u(l).
11
Let i(y) be the second derivative of -5*y**3/6 - y**2/2 - 28*y + 3. Let o(l) = l**2 - 5*l - 15. Let s be o(7). Calculate i(s).
4
Suppose 227 = -117*t + 110. Let k(u) be the third derivative of u**6/120 - u**5/30 - u**4/24 + u**3/6 + 3*u**2. Calculate k(t).
-1
Suppose -m - 12 = -2*m. Let d = -1207 - -1221. Suppose d = 14*i - m*i. Let l(f) = f. Give l(i).
7
Let c(a) = -a**2 - 10*a + 48. Suppose 24 = -m + 5*r, -18*r + 19*r - 58 = 4*m. Let s be c(m). Let i(y) be the first derivative of y**2 + 11*y - 1. What is i(s)?
-5
Let f be ((-9)/3)/(0 + (-9)/84). Let c(g) = -3 + 12*g - f*g + g**2 + 18*g. Determine c(3).
12
Suppose 7447 = -111*m + 280*m + 508*m. Let p(l) be the third derivative of l**4/24 - 2*l**3/3 - 2*l**2. Give p(m).
7
Let r be 1 - (-9 + 678/36 + -9). Let p(h) be the second derivative of 1/2*h**2 + 42*h + 0 - r*h**3. What is p(-3)?
4
Let u(s) be the third derivative of -s**3/3 + s**2 + 8. Let b(c) = -c + 15. Let v(z) = b(z) + 5*u(z). Determine v(4).
1
Let d(w) = 13*w**3 + 167*w**2 - 18*w - 8. Let p(x) = -3*x**3 - 39*x**2 + 4*x + 2. Let c(o) = 2*d(o) + 9*p(o). Calculate c(-17).
2
Let g = -1962 - -1970. Let i(b) = -b**2 + 10*b - 18. Calculate i(g).
-2
Let c(n) = -n**2 + 14*n - 20. Let q be 92/12 + 4 + (39/9 - 4). Give c(q).
4
Let m(b) = -79 + 31*b + 2*b - 107 - 23*b - 97. Give m(29).
7
Let k(m) = -m**2 + 7*m - 8. Suppose 2*i - 13 = -13. Suppose 15*v - 17*v - 8 = i. Let a be 3/(v + 7) - -5. What is k(a)?
-2
Let b(g) = 3*g**2 + 6*g - 4. Let r(v) = -16*v**2 - 31*v + 19. Let c(t) = -11*b(t) - 2*r(t). Let h = 32 + -31. Suppose -h = 6*w + 35. What is c(w)?
-6
Suppose -2 = -4*h + 2*t + 14, 4*h - 36 = -3*t. Suppose -h*m + 14 + 16 = 0. Let o(z) = -m*z + 1 + 2 - 2 + 2*z + z**2. Give o(4).
5
Let p(v) = -3*v - 32. Suppose 0 = 11*j - 77 + 5665. Let k = -521 - j. What is p(k)?
7
Suppose 2*t + 12 = 4*z + t, 5*t = 20. Suppose 0*m - 4*c - 2 = -2*m, -3*m + 2*c = -11. Let r(d) = -1230 + 1227 + d**3 + 4*d - m*d**2 + 0*d. Determine r(z).
-3
Let u(p) = p**2 - p + 1. Suppose 3*k + 6 = -3*y, -14*k - y - 5 = -12*k. What is u(k)?
13
Let u(d) = 51 - 4*d - 149 + 2*d + 51 - d. Calculate u(-20).
13
Let o = -38 + 66. Suppose m + 2*m - o = -4*t, 3*t + 4*m = 28. Let j(n) = -1 + 3*n**2